-- ============================================================================
-- Test Data for QLNT (Quản Lý Nhà Trọ) - Complete Business Scenario
-- ============================================================================

-- 1. Chủ nhà trọ (Landlord user) - vì admin có vai trò khác
INSERT INTO users (ho_ten, email, mat_khau, so_dien_thoai, vai_tro, trang_thai_kich_hoat, created_at, updated_at) 
VALUES (
  'Nguyễn Văn An',
  'chutro@qlnt.local',
  '$2y$12$92IXUNpkjO0rOQ5R8/CMP.aWxnloHWXQQqKzQKxQ8K8GkF.vCKLGi',
  '0901234567',
  'landlord',
  1,
  NOW(),
  NOW()
)
ON DUPLICATE KEY UPDATE email=VALUES(email);

-- 2. Nhà trọ (Property) - 2 tòa nhà
INSERT INTO properties (chu_nha_id, ten_nha_tro, dia_chi, so_dien_thoai, email, so_phong_tong, mo_ta, created_at, updated_at)
VALUES 
  (2, 'Nhà trọ Mình', '123 Đường Lê Lợi, Q.1, TP.HCM', '0901111111', 'chutro@qlnt.local', 10, 'Nhà trọ cao cấp, đầy đủ tiện ích, an ninh 24/7', NOW(), NOW()),
  (2, 'Nhà trọ Minh Khai', '456 Đường Minh Khai, Q.3, TP.HCM', '0901111112', 'chutro@qlnt.local', 8, 'Nhà trọ mới xây, gần chợ, trường học', NOW(), NOW());

-- 3. Phòng cho Nhà trọ Mình (10 phòng)
INSERT INTO rooms (nha_tro_id, so_phong, tang, dien_tich, gia_thue, so_nguoi_toi_da, mo_ta, trang_thai, created_at, updated_at)
VALUES 
  (1, '101', 1, 25.0, 3000000.00, 2, 'Phòng góc, view đường, có ban công', 'dang_thue', NOW(), NOW()),
  (1, '102', 1, 20.0, 2500000.00, 1, 'Phòng nhỏ, gần cầu thang', 'trong', NOW(), NOW()),
  (1, '103', 1, 22.0, 2700000.00, 2, 'Phòng sạch, thoáng mát', 'trong', NOW(), NOW()),
  (1, '201', 2, 25.0, 3000000.00, 2, 'Phòng lớn, ánh sáng tự nhiên', 'dang_thue', NOW(), NOW()),
  (1, '202', 2, 20.0, 2500000.00, 1, 'Phòng yên tĩnh', 'dang_thue', NOW(), NOW()),
  (1, '203', 2, 23.0, 2800000.00, 2, 'Gần phòng tắm chung', 'trong', NOW(), NOW()),
  (1, '301', 3, 30.0, 3500000.00, 3, 'Phòng VIP, sang trọng', 'dang_thue', NOW(), NOW()),
  (1, '302', 3, 25.0, 3000000.00, 2, 'Phòng rộng, thoáng mát', 'sua_chua', NOW(), NOW()),
  (1, '303', 3, 20.0, 2500000.00, 1, 'Phòng nhỏ', 'trong', NOW(), NOW()),
  (1, '304', 3, 22.0, 2700000.00, 2, 'Gần thang máy', 'trong', NOW(), NOW());

-- 4. Phòng cho Nhà trọ Minh Khai (8 phòng)
INSERT INTO rooms (nha_tro_id, so_phong, tang, dien_tich, gia_thue, so_nguoi_toi_da, mo_ta, trang_thai, created_at, updated_at)
VALUES 
  (2, '101', 1, 28.0, 3200000.00, 2, 'Phòng góc, đối diện công viên', 'dang_thue', NOW(), NOW()),
  (2, '102', 1, 24.0, 2800000.00, 2, 'Phòng lớn, gần cửa chính', 'trong', NOW(), NOW()),
  (2, '201', 2, 26.0, 3100000.00, 2, 'Phòng thoáng, view đường', 'dang_thue', NOW(), NOW()),
  (2, '202', 2, 25.0, 3000000.00, 2, 'Phòng sạch sẽ', 'trong', NOW(), NOW()),
  (2, '301', 3, 30.0, 3500000.00, 3, 'Phòng máy lạnh, lò sấy', 'dang_thue', NOW(), NOW()),
  (2, '302', 3, 28.0, 3300000.00, 2, 'Phòng rộng, có bàn làm việc', 'trong', NOW(), NOW()),
  (2, '401', 4, 32.0, 3800000.00, 3, 'Penthouse, view thành phố', 'trong', NOW(), NOW()),
  (2, '402', 4, 28.0, 3300000.00, 2, 'Phòng đẹp, hiện đại', 'dang_thue', NOW(), NOW());

-- 5. Dịch vụ (Services)
INSERT INTO services (nha_tro_id, ten_dich_vu, mo_ta, loai_tinh_phi, don_gia, dang_hoat_dong, created_at, updated_at)
VALUES 
  (1, 'Internet Wifi', 'Tốc độ 100Mbps, 24/24', 'koan', 150000.00, 1, NOW(), NOW()),
  (1, 'Gửi xe máy', 'Bảo vệ 24/7', 'koan', 50000.00, 1, NOW(), NOW()),
  (1, 'Gửi ô tô', 'Bảo vệ, an toàn', 'koan', 150000.00, 1, NOW(), NOW()),
  (1, 'Vệ sinh chung', 'Vệ sinh tòa nhà hàng ngày', 'koan', 100000.00, 1, NOW(), NOW()),
  (1, 'Bảo vệ', 'An ninh 24/7', 'koan', 200000.00, 1, NOW(), NOW()),
  (2, 'Internet Wifi', 'Tốc độ 50Mbps', 'koan', 120000.00, 1, NOW(), NOW()),
  (2, 'Gửi xe máy', 'Bảo vệ 24/7', 'koan', 40000.00, 1, NOW(), NOW()),
  (2, 'Vệ sinh chung', 'Vệ sinh hàng ngày', 'koan', 80000.00, 1, NOW(), NOW());

-- 6. Bảng giá điện bậc thang (EVN 2024)
INSERT INTO electricity_tiers (nha_tro_id, bac, tu_kwh, den_kwh, gia_tien, nam)
VALUES 
  (1, 1, 0, 50, 1806.00, 2024),
  (1, 2, 50, 100, 1866.00, 2024),
  (1, 3, 100, 150, 2167.00, 2024),
  (1, 4, 150, 200, 2729.00, 2024),
  (1, 5, 200, 300, 3050.00, 2024),
  (1, 6, 300, 9999, 3151.00, 2024),
  (2, 1, 0, 50, 1806.00, 2024),
  (2, 2, 50, 100, 1866.00, 2024),
  (2, 3, 100, 150, 2167.00, 2024),
  (2, 4, 150, 200, 2729.00, 2024),
  (2, 5, 200, 300, 3050.00, 2024),
  (2, 6, 300, 9999, 3151.00, 2024);

-- 7. Người thuê (Tenants)
INSERT INTO tenants (ho_ten, so_cmnd_cccd, so_dien_thoai, email, ngay_sinh, gioi_tinh, ngay_cap_cmnd, noi_cap_cmnd, dia_chi_thuong_tru, que_quan, nghe_nghiep, created_at, updated_at)
VALUES 
  ('Trần Minh Khôi', '123456789012', '0901234561', 'khoi.tran@example.com', '1995-05-15', 'nam', '2015-06-10', 'TP.HCM', '789 Đường Nguyễn Huệ, Q.1', 'Hà Nội', 'Kỹ sư phần mềm', NOW(), NOW()),
  ('Phạm Thị Hoa', '123456789013', '0901234562', 'hoa.pham@example.com', '1998-08-20', 'nu', '2018-09-15', 'TP.HCM', '234 Đường Cách Mạng, Q.3', 'Hải Phòng', 'Thiết kế đồ họa', NOW(), NOW()),
  ('Hoàng Văn Toàn', '123456789014', '0901234563', 'toan.hoang@example.com', '1992-03-10', 'nam', '2012-04-20', 'Hà Nội', '456 Đường Bà Triệu, Q.1', 'Nha Trang', 'Bán hàng', NOW(), NOW()),
  ('Lê Thị Kiều Oanh', '123456789015', '0901234564', 'oanh.le@example.com', '1999-11-25', 'nu', '2019-12-10', 'TP.HCM', '321 Đường Võ Văn Kiệt, Q.5', 'TP.HCM', 'Kế toán', NOW(), NOW()),
  ('Ngô Quốc Anh', '123456789016', '0901234565', 'anh.ngo@example.com', '1997-07-08', 'nam', '2017-08-15', 'TP.HCM', '567 Đường Tây Sơn, Q.10', 'Bắc Giang', 'Sinh viên', NOW(), NOW()),
  ('Dương Thị Yến', '123456789017', '0901234566', 'yen.duong@example.com', '1996-02-14', 'nu', '2016-03-12', 'TP.HCM', '890 Đường Sư Vạn Hạnh, Q.10', 'Đà Nẵng', 'Tiếp viên hàng không', NOW(), NOW()),
  ('Cao Văn Hùng', '123456789018', '0901234567', 'hung.cao@example.com', '1994-09-30', 'nam', '2014-10-20', 'Hà Nội', '123 Đường Giải Phóng, Q.1', 'Hà Nội', 'Thợ sửa chữa', NOW(), NOW()),
  ('Vũ Thị Thanh Hương', '123456789019', '0901234568', 'huong.vu@example.com', '2000-12-05', 'nu', '2020-01-15', 'TP.HCM', '678 Đường Lạc Long Quân, Q.11', 'Bạc Liêu', 'Sinh viên', NOW(), NOW());

-- 8. Hợp đồng (Contracts)
INSERT INTO contracts (phong_id, dai_dien_thue_id, so_hop_dong, ngay_bat_dau, ngay_ket_thuc, tien_thue_thang, tien_coc, ngay_thanh_toan, phi_phat_cham_tra, dieu_khoan, trang_thai, created_at, updated_at)
VALUES 
  (1, 1, 'HĐ-202405-001', '2024-05-01', '2025-04-30', 3000000.00, 6000000.00, 1, 0.00, 'Hợp đồng 1 năm, cam kết sạch sẽ', 'dang_thue', NOW(), NOW()),
  (4, 2, 'HĐ-202405-002', '2024-05-01', '2025-04-30', 3000000.00, 6000000.00, 1, 100000.00, 'Hợp đồng 1 năm', 'dang_thue', NOW(), NOW()),
  (5, 3, 'HĐ-202404-003', '2024-04-15', '2025-04-14', 2500000.00, 5000000.00, 1, 100000.00, 'Hợp đồng 1 năm', 'dang_thue', NOW(), NOW()),
  (7, 4, 'HĐ-202405-004', '2024-05-10', '2025-05-09', 3500000.00, 7000000.00, 1, 150000.00, 'Hợp đồng VIP', 'dang_thue', NOW(), NOW()),
  (11, 5, 'HĐ-202405-005', '2024-05-01', '2025-04-30', 3200000.00, 6400000.00, 1, 100000.00, 'Hợp đồng 1 năm', 'dang_thue', NOW(), NOW()),
  (13, 6, 'HĐ-202404-006', '2024-04-01', '2025-03-31', 3100000.00, 6200000.00, 1, 100000.00, 'Hợp đồng 1 năm', 'dang_thue', NOW(), NOW()),
  (15, 7, 'HĐ-202405-007', '2024-05-05', '2025-05-04', 3500000.00, 7000000.00, 1, 150000.00, 'Hợp đồng 1 năm', 'dang_thue', NOW(), NOW()),
  (16, 8, 'HĐ-202405-008', '2024-05-01', '2025-04-30', 3300000.00, 6600000.00, 1, 100000.00, 'Hợp đồng 1 năm', 'dang_thue', NOW(), NOW());

-- 9. Chỉ số đồng hồ điện (Meter Readings)
INSERT INTO meter_readings (phong_id, dich_vu_id, ngay_ghi, chi_so_cu, chi_so_moi, tieu_thu, nguoi_ghi_id, created_at, updated_at)
VALUES 
  (1, NULL, '2024-04-01', 1000.00, 1045.00, 45.00, 1, NOW(), NOW()),
  (1, NULL, '2024-05-01', 1045.00, 1095.00, 50.00, 1, NOW(), NOW()),
  (4, NULL, '2024-04-01', 2000.00, 2060.00, 60.00, 1, NOW(), NOW()),
  (4, NULL, '2024-05-01', 2060.00, 2115.00, 55.00, 1, NOW(), NOW()),
  (5, NULL, '2024-04-15', 500.00, 535.00, 35.00, 1, NOW(), NOW()),
  (5, NULL, '2024-05-15', 535.00, 572.00, 37.00, 1, NOW(), NOW());

-- 10. Chỉ số đồng hồ nước
INSERT INTO meter_readings (phong_id, dich_vu_id, ngay_ghi, chi_so_cu, chi_so_moi, tieu_thu, nguoi_ghi_id, created_at, updated_at)
VALUES 
  (1, 2, '2024-04-01', 10.0, 12.5, 2.5, 1, NOW(), NOW()),
  (1, 2, '2024-05-01', 12.5, 15.2, 2.7, 1, NOW(), NOW()),
  (4, 2, '2024-04-01', 20.0, 23.5, 3.5, 1, NOW(), NOW()),
  (4, 2, '2024-05-01', 23.5, 27.2, 3.7, 1, NOW(), NOW());

-- 11. Hóa đơn (Invoices) - tháng 4 và 5
INSERT INTO invoices (hop_dong_id, so_hoa_don, ky_thanh_toan, ngay_phat_hanh, han_thanh_toan, tong_tien, da_thanh_toan, trang_thai, created_at, updated_at)
VALUES 
  (1, 'HD-202405-0001', '2024-05', '2024-05-01', '2024-05-10', 3300000.00, 3300000.00, 'da_thanh_toan', NOW(), NOW()),
  (2, 'HD-202405-0002', '2024-05', '2024-05-01', '2024-05-10', 3200000.00, 1600000.00, 'thanh_toan_mot_phan', NOW(), NOW()),
  (3, 'HD-202405-0003', '2024-05', '2024-05-01', '2024-05-10', 2800000.00, 0.00, 'qua_han', NOW(), NOW()),
  (4, 'HD-202405-0004', '2024-05', '2024-05-10', '2024-05-20', 3800000.00, 0.00, 'da_gui', NOW(), NOW()),
  (5, 'HD-202405-0005', '2024-05', '2024-05-01', '2024-05-10', 3500000.00, 3500000.00, 'da_thanh_toan', NOW(), NOW()),
  (6, 'HD-202405-0006', '2024-05', '2024-05-01', '2024-05-10', 3400000.00, 0.00, 'nhap', NOW(), NOW()),
  (7, 'HD-202405-0007', '2024-05', '2024-05-05', '2024-05-15', 3800000.00, 0.00, 'da_gui', NOW(), NOW()),
  (8, 'HD-202405-0008', '2024-05', '2024-05-01', '2024-05-10', 3600000.00, 3600000.00, 'da_thanh_toan', NOW(), NOW());

-- 12. Chi tiết hóa đơn (Invoice Items) - Tiền thuê
INSERT INTO invoice_items (hoa_don_id, dich_vu_id, chi_so_dong_ho_id, mo_ta, so_luong, don_gia, thanh_tien, created_at, updated_at)
VALUES 
  (1, NULL, NULL, 'Tiền thuê tháng 5/2024', 1, 3000000.00, 3000000.00, NOW(), NOW()),
  (2, NULL, NULL, 'Tiền thuê tháng 5/2024', 1, 3000000.00, 3000000.00, NOW(), NOW()),
  (3, NULL, NULL, 'Tiền thuê tháng 5/2024', 1, 2500000.00, 2500000.00, NOW(), NOW()),
  (4, NULL, NULL, 'Tiền thuê tháng 5/2024', 1, 3500000.00, 3500000.00, NOW(), NOW()),
  (5, NULL, NULL, 'Tiền thuê tháng 5/2024', 1, 3200000.00, 3200000.00, NOW(), NOW()),
  (6, NULL, NULL, 'Tiền thuê tháng 5/2024', 1, 3100000.00, 3100000.00, NOW(), NOW()),
  (7, NULL, NULL, 'Tiền thuê tháng 5/2024', 1, 3500000.00, 3500000.00, NOW(), NOW()),
  (8, NULL, NULL, 'Tiền thuê tháng 5/2024', 1, 3300000.00, 3300000.00, NOW(), NOW());

-- 13. Chi tiết hóa đơn - Điện (tính từ chỉ số)
INSERT INTO invoice_items (hoa_don_id, dich_vu_id, chi_so_dong_ho_id, mo_ta, so_luong, don_gia, thanh_tien, created_at, updated_at)
VALUES 
  (1, NULL, 2, 'Tiền điện tháng 5 (50 kWh)', 50, 1850.00, 92500.00, NOW(), NOW()),
  (2, NULL, 4, 'Tiền điện tháng 5 (55 kWh)', 55, 1850.00, 101750.00, NOW(), NOW()),
  (3, NULL, 6, 'Tiền điện tháng 5 (37 kWh)', 37, 1806.00, 66822.00, NOW(), NOW()),
  (4, NULL, NULL, 'Tiền điện tháng 5 (60 kWh)', 60, 1850.00, 111000.00, NOW(), NOW());

-- 14. Chi tiết hóa đơn - Nước
INSERT INTO invoice_items (hoa_don_id, dich_vu_id, chi_so_dong_ho_id, mo_ta, so_luong, don_gia, thanh_tien, created_at, updated_at)
VALUES 
  (1, NULL, 1, 'Tiền nước (2.7 m³)', 2.7, 15000.00, 40500.00, NOW(), NOW()),
  (2, NULL, 3, 'Tiền nước (3.7 m³)', 3.7, 15000.00, 55500.00, NOW(), NOW()),
  (3, NULL, 5, 'Tiền nước (2.5 m³)', 2.5, 15000.00, 37500.00, NOW(), NOW()),
  (4, NULL, NULL, 'Tiền nước (3.5 m³)', 3.5, 15000.00, 52500.00, NOW(), NOW());

-- 15. Chi tiết hóa đơn - Dịch vụ
INSERT INTO invoice_items (hoa_don_id, dich_vu_id, chi_so_dong_ho_id, mo_ta, so_luong, don_gia, thanh_tien, created_at, updated_at)
VALUES 
  (1, 1, NULL, 'Internet Wifi', 1, 150000.00, 150000.00, NOW(), NOW()),
  (1, 2, NULL, 'Gửi xe máy', 1, 50000.00, 50000.00, NOW(), NOW()),
  (2, 1, NULL, 'Internet Wifi', 1, 150000.00, 150000.00, NOW(), NOW()),
  (2, 5, NULL, 'Bảo vệ', 1, 200000.00, 200000.00, NOW(), NOW()),
  (3, 1, NULL, 'Internet Wifi', 1, 150000.00, 150000.00, NOW(), NOW()),
  (4, 1, NULL, 'Internet Wifi', 1, 150000.00, 150000.00, NOW(), NOW()),
  (5, 1, NULL, 'Internet Wifi', 1, 150000.00, 150000.00, NOW(), NOW()),
  (5, 2, NULL, 'Gửi xe máy', 1, 50000.00, 50000.00, NOW(), NOW());

-- 16. Cập nhật tổng tiền hóa đơn
UPDATE invoices SET tong_tien = 3300000.00 WHERE id = 1;
UPDATE invoices SET tong_tien = 3200000.00 WHERE id = 2;
UPDATE invoices SET tong_tien = 2800000.00 WHERE id = 3;
UPDATE invoices SET tong_tien = 3800000.00 WHERE id = 4;
UPDATE invoices SET tong_tien = 3500000.00 WHERE id = 5;
UPDATE invoices SET tong_tien = 3400000.00 WHERE id = 6;
UPDATE invoices SET tong_tien = 3800000.00 WHERE id = 7;
UPDATE invoices SET tong_tien = 3600000.00 WHERE id = 8;

-- 17. Thanh toán (Payments)
INSERT INTO payments (hoa_don_id, so_tien, ngay_thanh_toan, phuong_thuc, ngan_hang, ma_giao_dich, ghi_chu, nguoi_nhan_id, created_at, updated_at)
VALUES 
  (1, 3300000.00, '2024-05-05', 'chuyen_khoan', 'Vietcombank', 'VCB123456789', 'Thanh toán đầy đủ', 1, NOW(), NOW()),
  (2, 1600000.00, '2024-05-08', 'tien_mat', NULL, NULL, 'Thanh toán 50% trước', 1, NOW(), NOW()),
  (5, 3500000.00, '2024-05-07', 'momo', NULL, 'MOMO987654321', 'Thanh toán qua Momo', 1, NOW(), NOW()),
  (8, 3600000.00, '2024-05-09', 'chuyen_khoan', 'Vietcombank', 'VCB987654321', 'Thanh toán đầy đủ', 1, NOW(), NOW());

-- 18. Yêu cầu sửa chữa (Maintenance Requests)
INSERT INTO maintenance_requests (phong_id, nguoi_thue_id, tieu_de, mo_ta, trang_thai, muc_do_uu_tien, ghi_chu_xu_ly, chi_phi_sua_chua, created_at, updated_at)
VALUES 
  (8, 4, 'Quạt trần hỏng', 'Quạt trần không chạy, cần sửa hoặc thay mới', 'hoan_thanh', 'cao', 'Thay quạt mới, chi phí 800k', 800000.00, NOW(), NOW()),
  (2, 2, 'Vòi nước rò', 'Vòi nước trong phòng tắm chung bị rò', 'dang_xu_ly', 'trung_binh', 'Kỹ sư đã vào kiểm tra, cần thay bộ chứa', 300000.00, NOW(), NOW()),
  (6, 3, 'Đèn phòng không sáng', 'Đèn trần không sáng, cần kiểm tra dây', 'cho_xu_ly', 'thap', NULL, 0.00, NOW(), NOW()),
  (10, NULL, 'Sơn lại tường', 'Tường bị ẩm mốc, cần sơn lại', 'cho_xu_ly', 'khan_cap', 'Chuẩn bị giấy mờ', 1500000.00, NOW(), NOW());

-- 19. Thông báo (Announcements)
INSERT INTO announcements (nha_tro_id, nguoi_tao_id, tieu_de, noi_dung, loai, ngay_dang, ngay_het_hieu_luc, created_at, updated_at)
VALUES 
  (1, 1, 'Thông báo bảo trì hệ thống nước', 'Sẽ bảo trì hệ thống nước vào ngày 15/5 từ 8h-12h. Vui lòng chuẩn bị nước uống trước.', 'thong_bao_chung', '2024-05-10', '2024-05-15', NOW(), NOW()),
  (1, 1, 'Tăng giá dịch vụ internet', 'Từ tháng 6/2024, giá Internet Wifi sẽ tăng từ 150k lên 180k/tháng do nâng cấp tốc độ.', 'tai_chinh', '2024-05-10', '2024-06-01', NOW(), NOW()),
  (2, 1, 'Cắt điện định kỳ', 'Cắt điện bảo dưỡng lưới điện ngày 20/5 từ 14h-16h', 'bao_tri', '2024-05-12', '2024-05-20', NOW(), NOW()),
  (NULL, 1, 'Lịch thanh toán hóa đơn', 'Hạn thanh toán hóa đơn tháng 5 là ngày 20/5. Quá hạn sẽ tính phí 100k/ngày', 'tai_chinh', '2024-05-08', '2024-05-31', NOW(), NOW());

-- 20. Tạm trú (Temporary Residence)
INSERT INTO temporary_residences (phong_id, nguoi_thue_id, so_ho_khau, ngay_dang_ky, ngay_het_han, trang_thai, created_at, updated_at)
VALUES 
  (1, 1, 'HD123456', '2024-05-05', '2025-05-04', 'da_dang_ky', NOW(), NOW()),
  (4, 2, 'HD123457', '2024-05-05', '2025-05-04', 'da_dang_ky', NOW(), NOW()),
  (5, 3, 'HD123458', '2024-04-20', '2025-04-19', 'da_dang_ky', NOW(), NOW()),
  (7, 4, 'HD123459', '2024-05-10', '2025-05-09', 'da_dang_ky', NOW(), NOW()),
  (11, 5, 'HD123460', '2024-05-05', '2025-05-04', 'da_dang_ky', NOW(), NOW()),
  (13, 6, 'HD123461', '2024-04-05', '2025-04-04', 'da_dang_ky', NOW(), NOW());

-- 21. Biên bản bàn giao (Handover Records) - nhận phòng
INSERT INTO handover_records (phong_id, hop_dong_id, loai, ngay_ban_giao, trang_thai_phong, danh_sach_tai_san, tinh_trang_tai_san, tien_phat_hien, ngay_tao, ghi_chu, created_at, updated_at)
VALUES 
  (1, 1, 'nhan', '2024-05-01', 'Sạch sẽ, nguyên vẹn', 'Giường 1,5m, tủ áo, bàn học, ghế', 'Tốt', 0, '2024-05-01', 'Bàn giao bình thường', NOW(), NOW()),
  (4, 2, 'nhan', '2024-05-01', 'Sạch sẽ, nguyên vẹn', 'Giường 1,5m, tủ áo, bàn học, quạt', 'Tốt', 0, '2024-05-01', 'Bàn giao bình thường', NOW(), NOW()),
  (5, 3, 'nhan', '2024-04-15', 'Sạch sẽ', 'Giường đơn, tủ áo', 'Tốt', 0, '2024-04-15', 'Phòng nhỏ, sạch sẽ', NOW(), NOW()),
  (7, 4, 'nhan', '2024-05-10', 'Sạch sẽ, sang trọng', 'Giường cộng, tủ lạnh, tivi, dàn âm thanh', 'Rất tốt', 0, '2024-05-10', 'Phòng VIP', NOW(), NOW());

-- ============================================================================
-- SUMMARY: Test data created with realistic business scenarios
-- ============================================================================
-- Nhà trọ: 2 tòa nhà với 18 phòng tổng cộng
-- Dịch vụ: 8 dịch vụ (wifi, gửi xe, bảo vệ, v.v.)
-- Người thuê: 8 người (mix nam/nữ, ngành nghề khác nhau)
-- Hợp đồng: 8 hợp đồng hoạt động
-- Hóa đơn: 8 hóa đơn tháng 5 (trạng thái: đã thanh toán, thanh toán một phần, quá hạn, nháp, đã gửi)
-- Thanh toán: 4 thanh toán (tiền mặt, chuyển khoản, momo)
-- Chỉ số: 10 bản ghi chỉ số điện/nước
-- Sửa chữa: 4 yêu cầu sửa chữa (mix các trạng thái)
-- Thông báo: 4 thông báo (chung, tài chính, bảo trì)
-- Tạm trú: 6 bản ghi đăng ký tạm trú
-- Biên bản: 4 biên bản bàn giao khi nhận phòng
-- ============================================================================
